ase 15, what is 2 - 416?
-414
In base 15, what is -2 - -2a90?
2a8d
In base 15, what is 37a5b - -3?
37a5e
In base 12, what is -1a8 - 4113?
-42bb
In base 3, what is -1 + -10001202?
-10001210
In base 5, what is 1424240 + 444?
1430234
In base 5, what is -242 - -124420?
124123
In base 12, what is 20481 - 3?
2047a
In base 6, what is -112 - 33525?
-34041
In base 13, what is 1b29ca + -3?
1b29c7
In base 11, what is -1a5 - -2639?
2444
In base 15, what is -9c - -e3?
46
In base 5, what is 32302 + -423?
31324
In base 5, what is 41 + 10211?
10302
In base 14, what is -33 - d69?
-d9c
In base 9, what is -768 + 446?
-322
In base 5, what is 2002 - 443?
1004
In base 6, what is -143433 + -5?
-143442
In base 3, what is -11 - -1001101000?
1001100212
In base 4, what is 3 + -13012021?
-13012012
In base 13, what is 151814 + 3?
151817
In base 5, what is 430022 + 32?
430104
In base 15, what is -bba - e?
-bc9
In base 13, what is -cc + -b4?
-1b3
In base 4, what is 23203 - -10230?
100033
In base 11, what is -13 - -16aa1?
16a89
In base 11, what is -5751 + -3?
-5754
In base 2, what is -1 + 1000110100111111111?
1000110100111111110
In base 14, what is 3aaabc + -3?
3aaab9
In base 6, what is 1204 - -13355?
15003
In base 8, what is -245 + -52?
-317
In base 10, what is 3 + -4760?
-4757
In base 11, what is 0 + -1448?
-1448
In base 11, what is -584 + 29?
-556
In base 6, what is 30243354 - 3?
30243351
In base 7, what is 13314 - -545?
14162
In base 7, what is -32120025 + -2?
-32120030
In base 13, what is 53 - 5ab?
-558
In base 8, what is -200 + 7635?
7435
In base 14, what is 7 - -4563?
456a
In base 16, what is -2d1e1 - -3?
-2d1de
In base 15, what is -350 - 2?
-352
In base 12, what is -9 + 11127b?
111272
In base 12, what is -30 + -1b501?
-1b531
In base 14, what is 7a + -89?
-d
In base 2, what is -110111001111011 - 11?
-110111001111110
In base 2, what is -110000001 + -111111001?
-1101111010
In base 8, what is 17 + -3364?
-3345
In base 16, what is -1cf + 3e2?
213
In base 15, what is 3 - 4b8b?
-4b88
In base 9, what is -1 - -3333?
3332
In base 10, what is -13 + 2365?
2352
In base 11, what is 3 - 331992?
-33198a
In base 6, what is -1313210 - 30?
-1313240
In base 5, what is 1014 - 121203?
-120134
In base 2, what is -10 - -1101101001000110?
1101101001000100
In base 12, what is -260a + 12?
-25b8
In base 5, what is -20 + -120201?
-120221
In base 16, what is e2a09 - -3?
e2a0c
In base 10, what is -5 + 634896?
634891
In base 6, what is 112131000 - -4?
112131004
In base 11, what is 89 + -644?
-566
In base 16, what is 3 + -42c80?
-42c7d
In base 3, what is 11 + -100220211210?
-100220211122
In base 5, what is 13310014 - 10?
13310004
In base 12, what is 10489 - 29?
10460
In base 14, what is 2 - 8771?
-876d
In base 5, what is 111402102 + -4?
111402043
In base 11, what is -75a - -15?
-745
In base 4, what is -20130121 + -333?
-20131120
In base 16, what is -41711 + -2?
-41713
In base 6, what is 25441 - -34?
25515
In base 9, what is 2 + 31?
33
In base 5, what is 422300 - -2?
422302
In base 7, what is 13 - -256452?
256465
In base 11, what is -5 + -1081a?
-10824
In base 15, what is 8 + -e2a04?
-e29eb
In base 8, what is 5 - -107311?
107316
In base 5, what is 2 + 124102?
124104
In base 15, what is -242 + -75?
-2b7
In base 2, what is -11000 + -101011101110110?
-101011110001110
In base 15, what is -8e5 - -7?
-8dd
In base 5, what is 322033 + 131?
322214
In base 7, what is -11 + 1345?
1334
In base 15, what is -46 - 5a0?
-5e6
In base 2, what is -1110001 + -10011110?
-100001111
In base 2, what is -10011100000010000111000 - 10?
-10011100000010000111010
In base 3, what is -20200 - 12201201?
-12222101
In base 4, what is 23203 + -213?
22330
In base 12, what is -44 + -56a?
-5b2
In base 9, what is -741 + -108?
-850
In base 7, what is 10162210 + 0?
10162210
In base 3, what is 2012 + 12000002?
12002021
In base 5, what is 0 - 3203343?
-3203343
In base 4, what is 13320 + 303?
20223
In base 15, what is 11 - 139c?
-138b
In base 2, what is 1001100100011 + 101?
1001100101000
In base 6, what is -200450 + -11?
-200501
In base 9, what is -34263387 + -1?
-34263388
In base 10, what is -2 - -1154955?
1154953
In base 12, what is -5 + 925?
920
In base 14, what is 2a32 + -a?
2a26
In base 8, what is 12100 + -5?
12073
In base 8, what is 3156 + 445?
3623
In base 12, what is -69 - 70?
-119
In base 10, what is 3 - 30608?
-30605
In base 8, what is 115 - -506?
623
In base 16, what is b96 + 1?
b97
In base 4, what is 1 + 10011201102?
10011201103
In base 14, what is 1401 + 0?
1401
In base 15, what is 323c + a3?
32e0
In base 6, what is 4 + -4101510?
-4101502
In base 3, what is 1200211222 - -1?
1200212000
In base 11, what is 106732 + -2?
106730
In base 4, what is -31231 - 33?
-31330
In base 9, what is 75 - 5728?
-5643
In base 16, what is 73 - -7?
7a
In base 15, what is 4311 + 36?
4347
In base 9, what is 346 + 300?
646
In base 7, what is -1352 - 2?
-1354
In base 7, what is 125 - -2236?
2364
In base 16, what is b99 + 2a?
bc3
In base 7, what is -5466636 + -5?
-5466644
In base 14, what is 0 - 16278?
-16278
In base 13, what is 259a6 + -4?
259a2
In base 8, what is -3772267 - 1?
-3772270
In base 9, what is -432 - 380?
-822
In base 16, what is a2 + -184?
-e2
In base 5, what is 144014 - -1344?
200413
In base 13, what is -8a7a0 + -5?
-8a7a5
In base 10, what is 62852 - -5?
62857
In base 7, what is -4 + -133546?
-133553
In base 10, what is -40828 - -4?
-40824
In base 7, what is 2 + 201611?
201613
In base 10, what is 3621 + 137?
3758
In base 4, what is -23201 + -332?
-30133
In base 3, what is -122012212 + -1022?
-122021011
In base 2, what is 11 + 101000101011111001000?
101000101011111001011
In base 6, what is 3550 + -131?
3415
In base 3, what is -10 + -11002101212?
-11002101222
In base 16, what is -288 + 1d?
-26b
In base 11, what is 17965 + 4?
17969
In base 9, what is -67 - 172?
-250
In base 15, what is -412b - 3?
-412e
In base 15, what is 70 - -218?
288
In base 11, what is -2113066 + -1?
-2113067
In base 7, what is -13563035 - -1?
-13563034
In base 16, what is -eb43 - a?
-eb4d
In base 10, what is -4 - 117788?
-117792
In base 13, what is -3 + -11705?
-11708
In base 11, what is 4767 + -45?
4722
In base 13, what is -58 - 2369?
-23c4
In base 15, what is -1ee + 71?
-17d
In base 11, what is 4708 - -8?
4715
In base 3, what is -1 - 102122012?
-102122020
In base 9, what is -4 + -150411?
-150415
In base 16, what is -4cd43 + -b?
-4cd4e
In base 12, what is 118 - -344?
460
In base 9, what is 17 - 16435?
-16417
In base 4, what is 2131101 - -2?
2131103
In base 13, what is 192a58 - -3?
192a5b
In base 10, what is -225 + -107?
-332
In base 10, what is -5 + 148482?
148477
In base 9, what is 113 + 6312?
6425
In base 2, what is -101 - 110010110001110000?
-110010110001110101
In base 8, what is -1 + 306635?
306634
In base 2, what is 10101 - 1001010000000110?
-1001001111110001
In base 11, what is -543a + 41?
-53a9
In base 16, what is 5 + 27e2?
27e7
In base 14, what is -11 + -1a12?
-1a23
In base 10, what is -224 + -20?
-244
In base 6, what is 1142 + 55?
1241
In base 16, what is -4 + 3c8c9?
3c8c5
In base 2, what is 110111100011110 + 1?
110111100011111
In base 8, what is 1230724 + -4?
1230720
In base 6, what is 1 - -204214?
204215
In base 16, what is -507 - 14?
-51b
In base 6, what is -34 + -15531?
-20005
In base 7, what is 1430 + -1364?
33
In base 2, what is 111 - 111100111001001?
-111100111000010
In base 15, what is -39c561 - -5?
-39c55b
In base 3, what is 12 + -20011211?
-20011122
In base 13, what is 26571 - -1?
26572
In base 3, what is -1212 - 11211112?
-11220101
In base 8, what is 0 + -3540665?
-3540665
In base 7, what is 5364312 - 3?
5364306
In base 8, what is 1 + -5?
-4
In base 10, what is 953 + -4?
949
In base 15, what is 4 + -5788?
-5784
In base 13, what is 5 - -1a3381?
1a3386
In base 5, what is -300213 + -104?
-300322
In base 6, what is 23534 + 114?
24052
In base 3, what is -12 - -22222220?
22222201
In base 15, what is -4 - 5e29?
-5e2d
In base 6, what is -3 + -253431?
-253434
In base 5, what is 11104 - 4034?
2020
In base 7, what is -1 - 411344?
-411345
In base 5, what is -2 + 3044440?
3044433
In base 12, what is -387b2 + 7?
-387a7
In base 16, what is -61 - -55b?
4fa
In base 16, what is -4f7a - 6?
-4f80
In base 14, what is 5 + 123b2?
123b7
In base 11, what is 1 - 82841?
-82840